i?
3
Let n(u) = u**3 + 4*u**2 + u - 3. Let g be n(-3). Suppose -5*j + 3*t + 21 = 0, 2*t - 4*t = -g*j + 12. What is the units digit of j?
6
Let x = -24 + 27. Suppose 0 = x*t + 10 - 76. What is the tens digit of t?
2
What is the tens digit of (1 + 0)*(40 + -18)?
2
Let f be 5/(-5) + 1 + -1. Let v be (1/2)/(f/(-4)). Let u(a) = 8*a - 3. What is the tens digit of u(v)?
1
What is the tens digit of (0/(-1) - 158)*(9 + -10)?
5
Let g(v) = -v**2 - 2*v + 2. Let h be g(-4). What is the units digit of (1 - -1)*h/(-4)?
3
Let h(w) = w**3 - w + 5 + 3 + 0*w**2 + w**2. Let x be 4/6 - 38/57. What is the units digit of h(x)?
8
Suppose 4*y = -5*a + 526, -2*y + 7*a - 2*a + 278 = 0. What is the hundreds digit of y?
1
Let p(m) = -m**3 + 15*m**2 + m - 18. Let l be p(15). Let y(i) = -2*i**3 - 5*i**2 - 4*i - 3. What is the tens digit of y(l)?
1
Let s(t) = -t**3 - 9*t**2 - 10*t + 8. Let o be s(-8). Let l = o - 45. What is the units digit of 6*2/(-14)*l?
8
Suppose 2 = 2*n - 2. Suppose -n*b = -20 - 2. What is the units digit of b?
1
Suppose -5*y + 35 = -0*y. Let v be 2/7 + (-44)/y. What is the units digit of (4/v)/((-2)/21)?
7
Let r(c) = -c**2 - 13*c + 11. Let y be r(-11). Let z = y + -8. What is the tens digit of z?
2
Suppose 25 = -5*i + 295. What is the tens digit of i?
5
Let a = 11 + -9. Let z(f) = 15*f + 1. What is the tens digit of z(a)?
3
Let l be (-2)/5 - 24/(-10). Suppose -l*x - 4 = -16. Suppose -5*m + 4 = -2*v + x*v, v - 1 = m. What is the units digit of v?
1
Suppose -5*m = -4*m - 93. What is the units digit of m?
3
Let h be (4 + 0)*(-4 + 5). What is the units digit of (-2)/h*(-86)/1?
3
Suppose 4*s + 2*z = -z + 136, -151 = -5*s + z. What is the units digit of s?
1
Let g(p) = -3*p - 3 - 1 + p**2 + 3*p**2 + p**3. What is the units digit of g(-4)?
8
What is the tens digit of 1/6 - 317/(-6)?
5
Let g(v) = -2*v + 3*v + 2*v + 9 - 4*v. Suppose -w = -3*c + 12, 16 = 5*w + 8*c - 4*c. What is the units digit of g(w)?
9
Let t be (2 + 12/(-5))*-10. What is the tens digit of (8/(-10))/(t/(-50))?
1
Suppose 0 = 2*v - 2*l + 2, 2*l + 8 = -4*v + 28. Suppose 3*o + 0*o = 5*w - 73, -o - 43 = -v*w. What is the tens digit of w?
1
Let l(s) = 2*s**2 - s. Let g be l(-1). Suppose 5*i = -20, -25 + 8 = -5*v + g*i. What is the units digit of v?
1
What is the tens digit of 3*(3 + -1 - (-101)/3)?
0
Suppose b = 10*b - 2349. What is the tens digit of b?
6
Let h = -14 + 16. Let l(y) = y**2 + 3*y + 2. Let k be l(-3). Suppose 4*g + k*t = 20, 6*g - h*g - 30 = 3*t. What is the units digit of g?
6
What is the units digit of -24*5/(-35)*7?
4
Suppose -2*o - 14 = 3*n, -15 = 12*o - 15*o. Let x(s) = -s - 21. Let g be x(0). Let d = n - g. What is the tens digit of d?
1
Let s(c) = c + 1. Let q be s(-2). Let l be (-1 + 3)*(-6 - -8). Let z = q + l. What is the units digit of z?
3
Suppose 8 = 2*j - 2. Let o = j + -9. Let g = -1 - o. What is the units digit of g?
3
What is the units digit of 8/(-36) - (-443)/9?
9
Suppose -6 = 3*c - 2*y, -5 = -2*c - 5*y + 10. Suppose -3*w + 6*w - 98 = 4*i, -3*w - 2*i + 122 = c. What is the units digit of w?
8
Suppose -p + 4*n - 11 = 0, -2*p + 5 = 3*n - 28. Suppose -p + 0 = -j. What is the units digit of j?
9
Suppose -3*n + 2*j + 11 = 0, 0*n - 4*n - 2*j + 10 = 0. What is the units digit of n?
3
Let m be (-15)/(-6)*2 - 3. Let x be 85/m + (-4)/(-8). Let v = -30 + x. What is the units digit of v?
3
Suppose -9*z = -12*z + 120. What is the units digit of z?
0
Let t = -8 - -20. Suppose t = 5*o + 2. What is the units digit of o?
2
Suppose -4*x - 2 - 2 = 0. Let v(f) = -11*f. What is the units digit of v(x)?
1
Suppose x + 4 = -3*x. What is the units digit of 6 + (4/x)/2?
4
Suppose -2*l + 3*c + 21 = 0, 4*l + 3*c = -l + 21. What is the units digit of l?
6
Let r = 350 - 205. Suppose -k = 4*k - r. What is the units digit of k?
9
Suppose 2 = v - 0. Suppose -5*c - 5*m + 40 = 0, 2*c - v*m - 28 + 4 = 0. What is the units digit of 3*5 - c/5?
3
Suppose 31 = 3*v + 79. Let y = 29 + v. What is the units digit of y?
3
Let i = 671 + -307. What is the units digit of i?
4
Suppose 3*l + 12 = 0, k = 7*l - 3*l + 53. What is the tens digit of k?
3
Suppose 0 = 2*x + g - 6, -8*x - 2*g = -3*x - 17. Suppose x*m - 2*j - 66 = 0, 4*m + 2*j = -m + 74. What is the tens digit of m?
1
Let r be (-2 - (0 - 2))/2. Suppose 2*z + 3*v = 2*v + 7, 5*z + 3*v - 15 = r. Let i = 10 - z. What is the units digit of i?
4
Suppose -r = -214 - 20. What is the hundreds digit of r?
2
Suppose -175 = -3*s + 5*o, 3*s - 2*o - 191 = -o. What is the tens digit of s?
6
Suppose -x = 2*x - 21. Let u = x + -2. Suppose -15 = 4*g + u, -5*z = -2*g - 30. What is the units digit of z?
4
Suppose 3*l - f = 147, -3*l = -3*f - 50 - 97. What is the units digit of l?
9
Let p(s) = s**2 - 4*s - 4. Let t be p(5). Suppose -3*u - 8 = t. What is the units digit of (-22)/u + (-7)/21?
7
Suppose -2*i + 10 = 2. Suppose n = -0*n + 3, 0 = -i*m + 5*n + 13. Suppose l - m = -0*l. What is the units digit of l?
7
Let p = -10 - -33. What is the units digit of p?
3
Suppose 406 = 10*a - 1844. What is the hundreds digit of a?
2
Let n(b) = b + 1. Let y(p) = -6*p - 4. Let f(j) = -5*n(j) - y(j). What is the units digit of f(4)?
3
Let v(g) = g**3 - 2*g**2 - g - 3. Let t(u) = u**3 + 4*u**2 - 6*u - 2. Let a = 7 - 12. Let w be t(a). What is the units digit of v(w)?
3
Let f(d) = d - 1. Let w be f(-3). Let u = w + 8. Suppose 23 = -u*n + 79. What is the units digit of n?
4
Suppose 0 = d - o + 8, -13 = 2*d - o - 2. Let h = -2 - d. What is the units digit of h?
1
Let u be (-184)/18 + 6/27. What is the units digit of (-30)/(-4)*(-24)/u?
8
Let o(p) = 2*p**2 - 21*p - 22. Let a(l) = -l**2 + 11*l + 11. Let h(x) = -9*a(x) - 4*o(x). What is the units digit of h(18)?
3
What is the units digit of 6/(-27) + 1194/27?
4
Let y = 9 - 99. Let o = -63 - y. What is the units digit of o?
7
Let p(n) be the second derivative of n**4/6 + 2*n**3/3 - 3*n. Let b be p(-3). Suppose -b*v + 12 = -3*v. What is the units digit of v?
4
Suppose 5*s = 5*q + 10 + 10, 2*s - 10 = q. Let n(z) = z**2 - z - 3. What is the units digit of n(s)?
7
Suppose 0 = 3*b - 4*b + 50. What is the units digit of b?
0
Suppose -4*x = 0, 5*s - 3*x - 570 = 2*x. What is the units digit of s?
4
Let f(k) = -k**2 + 6*k - 6. Let j be f(4). Suppose -c = -5*o + c + 19, 2*o - j*c = 10. What is the units digit of o?
3
Suppose 5*p - 4 = 21. Suppose v + 2*q = 7*q + 29, -105 = -5*v + p*q. Suppose 4*b - 9 = v. What is the units digit of b?
7
Let n(d) = -7*d + 1. Let j = -1 + 0. What is the units digit of n(j)?
8
What is the tens digit of 3/(-12) + (-578)/(-8)?
7
Suppose k - 6 = -0*q - q, 5*k + 2*q - 21 = 0. Let v = k + -3. Let n = v + 6. What is the units digit of n?
6
Let h = 14 + -7. Let w = 8 - h. What is the units digit of w?
1
Suppose -q - 9 = -2*o - 0*o, 2*o = -2*q - 6. Let r be 1 + (7 - 0 - o). Let z(x) = 2*x - 5. What is the units digit of z(r)?
7
Let o(f) = -5*f**2 + f**3 - 2*f**3 - f - 4*f**2 - 5. What is the units digit of o(-9)?
4
Suppose -6*j = 5*j - 2222. What is the tens digit of j?
0
Let u(b) = -b**2 + 7*b - 4. Let n be u(6). Suppose 0 = -4*s + 5*y + 47, -3*s + 32 = -n*y - 5. What is the units digit of s?
3
Let i = -28 + 57. What is the tens digit of i?
2
Let i = 8 - 8. Suppose i = -u - 6*q + 2*q + 29, 59 = 4*u - 3*q. What is the units digit of u?
7
Suppose -4*x + 60 = -7*x. Suppose m = -2*z + 29, 2*m + z + 0*z = 64. Let s = x + m. What is the tens digit of s?
1
Suppose -2*m + 4 = 2. Let u(f) = -4*f + 2. Let y be u(2). What is the units digit of ((-2)/y)/(m/15)?
5
Let z(c) = -c - 14. Let s be z(-7). Let v(b) = -b - 5. Let t be v(s). What is the units digit of (-3)/(t/12*-1)?
8
Let b(l) be the second derivative of l**5/20 - 3*l**4/4 - l**3/6 + 4*l**2 + 2*l. Let c be b(9). What is the tens digit of ((-6)/5)/(c/10)?
1
Let x(z) be the second derivative of z**4/3 + z**3/3 - z**2/2 + 3*z. What is the units digit of x(1)?
5
Let f = 14 - 9. Suppose l - f*w - 6 = 0, l - 2*w = -3*w + 18. What is the units digit of l?
6
Let z = -104 + 151. What is the tens digit of z?
4
Let k(z) = z - 2. Let l be k(-6). Let a be (-8)/(-12)*(-3)/2. What is the units digit of (a - 5)*l/6?
8
Suppose -3*f + 102 = 3*f. What is the units digit of f?
7
Suppose -2*i = -5*f - 26, 5*i - 4*f - 16 = 32. What is the units digit of i?
8
What is the tens digit of ((-15)/(-4) - 0)/((-57)/(